d by 291665?
15
What is the remainder when 6804815 is divided by 1360955?
40
Calculate the remainder when 192868 is divided by 79.
29
Calculate the remainder when 281571 is divided by 16423.
2380
Calculate the remainder when 1422708 is divided by 291.
9
Calculate the remainder when 706969 is divided by 3789.
2215
What is the remainder when 55861536 is divided by 3181?
3176
What is the remainder when 860260 is divided by 711?
661
What is the remainder when 127107 is divided by 125137?
1970
What is the remainder when 469080 is divided by 29301?
264
What is the remainder when 523104 is divided by 19346?
762
Calculate the remainder when 4308 is divided by 651.
402
Calculate the remainder when 2312121 is divided by 1437.
1425
Calculate the remainder when 13236219 is divided by 66.
51
Calculate the remainder when 373179 is divided by 622.
601
Calculate the remainder when 1029074 is divided by 1003.
999
What is the remainder when 34217 is divided by 865?
482
Calculate the remainder when 190180635 is divided by 8644574.
7
Calculate the remainder when 264834 is divided by 20346.
336
What is the remainder when 74092 is divided by 8179?
481
Calculate the remainder when 1680919 is divided by 1773.
115
What is the remainder when 11146 is divided by 3060?
1966
Calculate the remainder when 9624230 is divided by 370159.
96
What is the remainder when 35682604 is divided by 435?
424
Calculate the remainder when 46453101 is divided by 1079.
1072
What is the remainder when 2967542 is divided by 32?
22
What is the remainder when 18180762 is divided by 3308?
3302
Calculate the remainder when 254680 is divided by 5539.
5425
What is the remainder when 88369 is divided by 2330?
2159
Calculate the remainder when 962954 is divided by 192572.
94
What is the remainder when 173073 is divided by 15732?
21
What is the remainder when 667736743 is divided by 25?
18
Calculate the remainder when 710267 is divided by 30.
17
What is the remainder when 131635131 is divided by 28?
19
Calculate the remainder when 405585 is divided by 14343.
3981
What is the remainder when 14962276 is divided by 159173?
14
What is the remainder when 274325 is divided by 6233?
73
Calculate the remainder when 95924 is divided by 1332.
20
What is the remainder when 1689313 is divided by 2386?
25
What is the remainder when 24411 is divided by 1808?
907
Calculate the remainder when 135835557 is divided by 70.
67
Calculate the remainder when 552265 is divided by 316.
213
Calculate the remainder when 33535722 is divided by 1627.
1625
Calculate the remainder when 47382692 is divided by 516.
476
Calculate the remainder when 3641996 is divided by 400.
396
What is the remainder when 1597037 is divided by 1844?
133
Calculate the remainder when 4874908 is divided by 598.
12
What is the remainder when 31356 is divided by 56?
52
What is the remainder when 15929549 is divided by 9?
8
Calculate the remainder when 2542 is divided by 2519.
23
Calculate the remainder when 66032 is divided by 2620.
532
Calculate the remainder when 133837 is divided by 631.
65
Calculate the remainder when 4899277 is divided by 612397.
101
Calculate the remainder when 90496705 is divided by 101.
99
Calculate the remainder when 76038 is divided by 81.
60
Calculate the remainder when 25649 is divided by 12772.
105
Calculate the remainder when 3490159 is divided by 3490134.
25
What is the remainder when 7085148 is divided by 243?
240
Calculate the remainder when 34638 is divided by 4063.
2134
What is the remainder when 2777053 is divided by 1430?
1423
Calculate the remainder when 147925805 is divided by 1734.
1733
What is the remainder when 203625 is divided by 1251?
963
What is the remainder when 22616330 is divided by 4248?
4226
Calculate the remainder when 124527 is divided by 2266.
2163
Calculate the remainder when 14628675 is divided by 15696.
3
What is the remainder when 180817 is divided by 200?
17
What is the remainder when 627479 is divided by 996?
995
What is the remainder when 653499 is divided by 8952?
3
Calculate the remainder when 554359 is divided by 2995.
284
Calculate the remainder when 78399948 is divided by 3015382.
16
Calculate the remainder when 7171 is divided by 780.
151
What is the remainder when 194361923 is divided by 15?
8
Calculate the remainder when 552637 is divided by 276299.
39
What is the remainder when 215762 is divided by 1341?
1202
Calculate the remainder when 118811488 is divided by 59405739.
10
What is the remainder when 5777 is divided by 4638?
1139
Calculate the remainder when 526888 is divided by 1432.
1344
What is the remainder when 240682 is divided by 11448?
274
What is the remainder when 42463 is divided by 27?
19
What is the remainder when 14311794 is divided by 200?
194
What is the remainder when 2254615 is divided by 1418?
1413
What is the remainder when 2111418 is divided by 211?
152
Calculate the remainder when 617892 is divided by 230.
112
Calculate the remainder when 48272340 is divided by 246.
6
Calculate the remainder when 359494 is divided by 256.
70
Calculate the remainder when 476247 is divided by 1137.
981
What is the remainder when 427255217 is divided by 3789?
3788
What is the remainder when 30913 is divided by 30470?
443
What is the remainder when 10410598 is divided by 315466?
220
Calculate the remainder when 30064190 is divided by 1689.
1679
Calculate the remainder when 22662 is divided by 236.
6
What is the remainder when 1314158 is divided by 588?
566
Calculate the remainder when 344601 is divided by 285.
36
Calculate the remainder when 53775474 is divided by 150.
24
What is the remainder when 112151 is divided by 5339?
32
What is the remainder when 1324254 is divided by 88259?
369
Calculate the remainder when 3065630 is divided by 829.
817
What is the remainder when 2792 is divided by 1347?
98
What is the remainder when 91750813 is divided by 167?
11
Calculate the remainder when 440737 is divided by 572.
297
Calculate the remainder when 1325878164 is divided by 446.
444
Calculate the remainder when 146094483 is divided by 152.
139
What is the remainder when 242292533 is divided by 404?
401
What is the remainder when 10392794 is divided by 13?
9
Calculate the remainder when 229281 is divided by 2011.
27
Calculate the remainder when 60041866 is divided by 8577409.
3
What is the remainder when 653175 is divided by 146?
117
What is the remainder when 36624827 is divided by 1926?
11
Calculate the remainder when 288262 is divided by 6225.
1912
What is the remainder when 121998790 is divided by 3379?
3374
Calculate the remainder when 51851330 is divided by 908.
898
Calculate the remainder when 23824446 is divided by 7941482.
0
What is the remainder when 6671546 is divided by 2223840?
26
What is the remainder when 22592060 is divided by 259?
8
Calculate the remainder when 12396274 is divided by 292.
290
What is the remainder when 146545 is divided by 4310?
5
What is the remainder when 661778 is divided by 5752?
298
Calculate the remainder when 44504 is divided by 1689.
590
Calculate the remainder when 5365374 is divided by 596144.
78
What is the remainder when 2555016 is divided by 13?
9
Calculate the remainder when 41464849 is divided by 3692.
3689
What is the remainder when 227151 is divided by 10436?
7995
What is the remainder when 93953 is divided by 1079?
80
What is the remainder when 1135315 is divided by 15?
10
Calculate the remainder when 210382 is divided by 2934.
2068
Calculate the remainder when 10050773 is divided by 99.
95
Calculate the remainder when 102242126 is divided by 227.
191
Calculate the remainder when 39766 is divided by 2700.
1966
Calculate the remainder when 2087802 is divided by 72.
18
What is the remainder when 48217 is divided by 5883?
1153
Calculate the remainder when 5564351 is divided by 1834.
1829
What is the remainder when 11542207 is divided by 4?
3
Calculate the remainder when 658474 is divided by 8779.
49
What is the remainder when 15026 is divided by 3413?
1374
What is the remainder when 13698 is divided by 3840?
2178
What is the remainder when 831322 is divided by 14845?
2
What is the remainder when 134687996 is divided by 122?
118
Calculate the remainder when 2944938 is divided by 195.
48
Calculate the remainder when 14538469 is divided by 11